In base 10, what is 92 - 6226?
-6134
In base 16, what is -7 - -1eca5?
1ec9e
In base 5, what is -4114131 - -2?
-4114124
In base 11, what is 1 - 6831?
-6830
In base 2, what is -1001011100 + 1111111110?
110100010
In base 9, what is -4580 - -22?
-4557
In base 9, what is 2 + -4547?
-4545
In base 7, what is -6001 + 23?
-5645
In base 15, what is -33ad + 0?
-33ad
In base 11, what is -46 - -133?
98
In base 15, what is 1 + 8983?
8984
In base 6, what is 2522413 - 5?
2522404
In base 7, what is -154 + 1104?
620
In base 6, what is 132343 - 153?
132150
In base 6, what is 210 - -215?
425
In base 12, what is -29a0 - -9b?
-2901
In base 16, what is 974e - -d?
975b
In base 7, what is 6436 + 5200?
14636
In base 3, what is 11110 + -120?
10220
In base 13, what is -51 - -361?
310
In base 7, what is 1326 - -561?
2220
In base 11, what is 2a94 - -4?
2a98
In base 16, what is 11a39c - 1?
11a39b
In base 9, what is -2 + -25448?
-25451
In base 6, what is 2453 + 112?
3005
In base 9, what is 21 - 76534?
-76513
In base 15, what is -1772 - -a4?
-16bd
In base 3, what is -1210111 - 1001?
-1211112
In base 13, what is -60 + 241?
1b1
In base 11, what is a - 14846?
-14837
In base 5, what is 4101 + -10101?
-1000
In base 13, what is 2b5 + 154?
439
In base 12, what is 206 + -1a?
1a8
In base 8, what is -5 - -40645?
40640
In base 14, what is 2b + -579?
-54c
In base 10, what is -5 + -7328?
-7333
In base 14, what is -b1 + -8a6?
-977
In base 4, what is 2 + -3223020?
-3223012
In base 4, what is 112322111 + -11?
112322100
In base 6, what is -31551 + -132?
-32123
In base 16, what is 5 - 7943?
-793e
In base 11, what is 2a80a - 1?
2a809
In base 4, what is 22 + -231323232?
-231323210
In base 4, what is -1012 + -13003123?
-13010201
In base 14, what is -1 + -1c0d?
-1c10
In base 5, what is 221 - -141121?
141342
In base 9, what is -4636 + 0?
-4636
In base 15, what is 7 + -1d08d?
-1d086
In base 10, what is 64300 + 3?
64303
In base 13, what is 0 + -692c?
-692c
In base 3, what is 2022220 + 101?
2100021
In base 10, what is 189 - 493?
-304
In base 8, what is 17 + 10441?
10460
In base 11, what is -5 - -715429?
715424
In base 5, what is 4320030 + 3?
4320033
In base 3, what is -101122 - -112?
-101010
In base 2, what is -101100010 - 101110?
-110010000
In base 8, what is -457 - -1342?
663
In base 16, what is 392b + -1?
392a
In base 8, what is 30 + -25030?
-25000
In base 4, what is 112000313 - -12?
112000331
In base 3, what is -20121110 - 100002?
-20221112
In base 15, what is -7 - 29593?
-2959a
In base 14, what is d + 1050?
105d
In base 12, what is -6 - -9a88?
9a82
In base 3, what is 12 - 21200012?
-21200000
In base 6, what is -1120533 - -232?
-1120301
In base 6, what is -20 + 3411?
3351
In base 4, what is -10 + 1313312312?
1313312302
In base 3, what is 20021112 - 21?
20021021
In base 10, what is 557 - 274?
283
In base 8, what is 15663 + -11?
15652
In base 12, what is 3b1 + -290?
121
In base 9, what is -4 + -884?
-888
In base 16, what is -3b33e - -3?
-3b33b
In base 10, what is 35 - -31389?
31424
In base 10, what is 9 - 146368?
-146359
In base 16, what is 374ff + 3?
37502
In base 12, what is 5 - -60?
65
In base 6, what is 244045 - 1010?
243035
In base 14, what is -3 - -131a10?
131a0b
In base 6, what is -130050441 - 1?
-130050442
In base 16, what is -7433b + 9?
-74332
In base 11, what is -3 - 468474?
-468477
In base 5, what is -31334 - -14313?
-12021
In base 11, what is 8678a - -3?
86792
In base 12, what is 288b8 + 3?
288bb
In base 9, what is -1077 + -11?
-1088
In base 11, what is 4032 + -8?
4025
In base 7, what is 640163 + 30?
640223
In base 9, what is 22247 - -14?
22262
In base 3, what is -2 - 122222211?
-122222220
In base 16, what is -2695 - -27?
-266e
In base 8, what is -1001636 + 2?
-1001634
In base 4, what is -13110033 + -322?
-13111021
In base 8, what is -201 + 21015?
20614
In base 6, what is -1422515 + 4?
-1422511
In base 3, what is 10 + 1202221221?
1202222001
In base 2, what is -11001000 - -110101110?
11100110
In base 3, what is -2001 + -1220?
-10221
In base 13, what is -66 - 6c61?
-6cc7
In base 16, what is -3 + -1c996?
-1c999
In base 6, what is 553 - -4233?
5230
In base 8, what is -1263 - 211?
-1474
In base 7, what is -22 - -615?
563
In base 6, what is -3 - -200520?
200513
In base 8, what is 60 + 3043?
3123
In base 10, what is -21 - 2116?
-2137
In base 13, what is -c2 - -83?
-3c
In base 11, what is 7 - 1015?
-1009
In base 12, what is 60a3 - 20?
6083
In base 14, what is -4 + 38b0?
38aa
In base 3, what is 2021210001 + 11?
2021210012
In base 16, what is 7 + -511?
-50a
In base 3, what is -2 + 112200221?
112200212
In base 9, what is 134 + -65?
58
In base 14, what is -9277d - 2?
-92781
In base 3, what is 12 - 121022111?
-121022022
In base 4, what is -3 - -300013121?
300013112
In base 7, what is -4 - -560312?
560305
In base 2, what is -100 + 1111001011000011?
1111001010111111
In base 10, what is -1 - -7874?
7873
In base 11, what is -288a1 + -3?
-288a4
In base 5, what is -43132404 + 1?
-43132403
In base 12, what is 2 - 27b97?
-27b95
In base 13, what is c5 + -286?
-191
In base 4, what is 11120 + 1132133?
1203313
In base 4, what is 11311 + 3120?
21031
In base 10, what is 1 - 11387?
-11386
In base 7, what is -1200266 + 0?
-1200266
In base 2, what is -1101 + -11110011110?
-11110101011
In base 4, what is -1002011 - 22122?
-1030133
In base 14, what is 16a2 - -5d3?
1c95
In base 16, what is 6c - -3a?
a6
In base 3, what is 201000022 - 20?
201000002
In base 5, what is 3 + 4042132?
4042140
In base 7, what is -226 - 314?
-543
In base 13, what is -a55 - 50?
-aa5
In base 6, what is 20245 - 152?
20053
In base 6, what is -23144 + -24?
-23212
In base 6, what is -321 + -545?
-1310
In base 7, what is -1434 - -13304?
11540
In base 15, what is 2ac + 3?
2b0
In base 5, what is 13 - 433214?
-433201
In base 13, what is 4 - -48a6?
48aa
In base 7, what is -46304 + -344?
-46651
In base 8, what is 14 - -1644?
1660
In base 2, what is 1000001 + 1001010110111?
1001011111000
In base 10, what is 148 + -324?
-176
In base 3, what is -22001 + 101001?
2000
In base 7, what is 312 + -1150?
-535
In base 16, what is 1 - -55981?
55982
In base 12, what is -184a98a + 1?
-184a989
In base 14, what is -2 - 1122?
-1124
In base 4, what is -2031 - -301221?
233130
In base 9, what is 4352 + -240?
4112
In base 12, what is -8645 + 3?
-8642
In base 7, what is -1215266 + 4?
-1215262
In base 4, what is -2113122 + 3?
-2113113
In base 4, what is -33120230 + 1?
-33120223
In base 4, what is 10323021 - 11?
10323010
In base 13, what is 4 + -55bb?
-55b7
In base 3, what is 2 + 10221002202?
10221002211
In base 2, what is 1100 + 10001001111110?
10001010001010
In base 15, what is 1b8 - -d9?
2a2
In base 3, what is -1022101212 + 11?
-1022101201
In base 13, what is 55b7c - -2?
55b81
In base 6, what is -153 + -32041?
-32234
In base 13, what is 10 - -2ab9?
2ac9
In base 15, what is -49ac - -3d?
-496e
In base 2, what is -1100000111 - 1?
-1100001000
In base 15, what is -627 + -7c?
-6a4
In base 3, what is 1 + 22000022?
22000100
In base 13, what is 7a8c - -3?
7a92
In base 15, what is 185ee62 + 1?
185ee63
In base 8, what is 57 + -11753?
-11674
In base 12, what is 1b1 - 1180?
-b8b
In base 3, what is -2 - -2002202011000?
2002202010221
In base 16, what is 4b69 + -2?
4b67
In base 11, what is -3 - 7367?
-736a
In base 4, what is 1122 - -202?
1330
In base 4, what is 2202 - 31?
2111
In base 7, what is 0 - 1103012?
-1103012
In base 4, what is 10 + -20010202?
-20010132
In base 16, what is 29ac55 - -3?
29ac58
In base 5, what is 4 + 313000?
313004
In base 4, what is 30101 + 1231?
31332
In base 6, what is 34514 + 201?
35115
In base 11, what is -83 - -5732?
565a
In base 8, what is -33301 - 11?
-33312
In base 2, what is -10 + -110000011110111100?
-110000011110111110
In base 12, what is 41 + -ba8b?
-ba4a
In base 5, what is 42024 + -300?
41224
In base 10, what is 6629 + 0?
6629
In base 4, what is 1 + 221131003?
221131010
In base 15, what is 1 - -653c?
653d
In base 8, what is 1 + -1235375?
-1235374
In base 8, what is 1 - 422432?
-422431
In base 11, what is 702499 + 0?
702499
In base 11, what is -1a94 - -23a?
-1855
In base 16, what is 3 + -ee8ae?
-ee8ab
In base 11, what is -2 - -9a45?
9a43
In base 14, what is -c12 + b?
-c05
In base 12, what is -1066 - -227?
-a3b
In base 11, what is -21637 - 2?
-21639
In b